20*f**5 - 1/6*f**3. What is the tens digit of z(1)?
3
Let s = 24 - 36. Let n(z) = -z**3 - 12*z**2 - 6*z + 5. Let a be n(s). What is the tens digit of a/2 - (-2)/(-4)?
3
Let m be (-28)/(-35) + 22/10. Let c = m - -3. What is the units digit of c?
6
Let i(y) = 4*y**2 + 4*y - 7. Let v(c) = -c**2 + c + 1. Let k(x) = -i(x) - 5*v(x). Let b be k(9). Suppose b*d - 16 - 114 = 0. What is the units digit of d?
5
Let y be 1*-5*(-116)/20. Let n = y + -15. What is the tens digit of n?
1
Let w(s) = -s**3 - 4*s**2 - 3*s + 7. Let n(y) = -y**2 - 7*y + 3. Let m be n(-8). What is the units digit of w(m)?
7
Let w(b) = 9*b**2 - 8*b - 35. What is the hundreds digit of w(14)?
6
Let h(l) = 2*l + 27. Let i be h(19). Suppose 0 = -o + 2*o + 3*t - 58, 4*t = o - i. What is the units digit of o?
1
Let y be -2 + ((-6)/21 - 12/7). What is the tens digit of y/(-6) + 1504/12?
2
Let f = -357 + 547. Suppose 5*t - j - 4*j - f = 0, 4*j = 2*t - 70. What is the units digit of t?
1
Suppose 0 = -8*w - 1346 + 4138. What is the units digit of w?
9
Let a be (2/4)/(4/304). Let k(s) = s**3 + 2*s**2 + 3*s - 3. Let x be k(-3). Let u = a + x. What is the tens digit of u?
1
Let r = 583 - 290. What is the hundreds digit of r?
2
Let w be (-2 + 5)/(1/(-3)). Let j(h) = h**3 + 10*h**2 + 6*h - 19. What is the units digit of j(w)?
8
Let j = -4 - -6. Let s be j + 28 + 0 + 4. Suppose d + 70 = 3*b, b + 3*d = 2*b - s. What is the units digit of b?
2
Suppose -o - 5*k = -4*o + 1231, -3*o - k = -1219. What is the hundreds digit of o?
4
Suppose -2 = -y, -4*p = -7*p - 12*y + 12657. What is the thousands digit of p?
4
Let q(l) = 0*l**2 - 5*l + 6*l**2 - 4 + 0 - 5*l**2. What is the tens digit of q(-3)?
2
Suppose a - 6*a + t + 23 = 0, 0 = 4*a - 3*t - 25. Suppose a*s - 4*z = 12, 0*s - 17 = -3*s - 5*z. What is the units digit of 12/(-3)*(-39)/s?
9
Let u = 754 + -177. What is the hundreds digit of u?
5
Let r = 467 + -70. What is the units digit of r?
7
Suppose -6*s + 1511 = -3*s + 4*l, 3*s - 1516 = l. What is the units digit of s?
5
Let g(l) = 2*l**3 + 3*l**2 - 3*l. Let o be g(3). Let x = o + -20. Suppose 0 = 4*u - 2*u - x. What is the units digit of u?
6
Let v(p) = 0*p - p**2 - 1 - 5*p**3 + p + p - 3*p. Let w be v(-1). Suppose 0 = -w*r + 3 + 1. What is the units digit of r?
1
Let q(r) = -10*r + 1. Let h be q(-1). Let l = 32 - h. What is the units digit of l?
1
What is the hundreds digit of (1 + 85/(-68))/((-2)/26472)?
3
What is the units digit of (-1)/(((-6)/(-174))/(-1))?
9
Let a(i) = -17*i + 2. Let s be a(-4). Let o(w) = 3*w + 101. Let r be o(-31). Suppose s - 494 = -r*h. What is the tens digit of h?
5
Let w(i) = 2*i - 3. Let o be w(5). Let a(k) be the first derivative of 5*k**2/2 - 8*k + 18. What is the tens digit of a(o)?
2
Suppose 5*x - 6 - 1 = w, 4*w + 3 = -5*x. Suppose -r + 7 = -3*z, -r - x + 13 = -2*z. What is the units digit of r?
2
What is the hundreds digit of (-2 - -6) + 4*66?
2
Suppose f + c - 874 + 5 = 0, 0 = -4*c - 12. What is the tens digit of f?
7
Suppose 4 = -3*z + 1. Let c = z - -27. Suppose -4*g + c = -54. What is the tens digit of g?
2
Suppose -1663 = 7*b - 5450. What is the hundreds digit of b?
5
Suppose -i - 2*i = -3*x, 3*i = 2*x. Suppose x = -4*f - f + 60. Suppose 8*t = f*t - 64. What is the units digit of t?
6
Let m(b) = b**3 - 20*b**2 + 18*b + 3. What is the units digit of m(20)?
3
Suppose 0 = -8*m + 6*m - 84. What is the tens digit of 1/3 - 1960/m?
4
Suppose -24*t = 5*t - 4089. What is the hundreds digit of t?
1
Let d be -132 - (-3 + 0*4/8). Let f = -85 - d. What is the tens digit of f?
4
Let n = 787 + -391. What is the hundreds digit of n?
3
Let s = 64 + -29. What is the units digit of (-14)/s + 337/5?
7
Suppose -5*c = 5*a - 2288 - 1302, 4*c + 2832 = 4*a. What is the units digit of a?
3
Suppose -52*u + 5585 = -24887. What is the units digit of u?
6
Let v = 6637 - 4492. What is the hundreds digit of v?
1
Let f(r) = 7*r**2 - 28*r - 4. Let b(d) = -3*d**2 + 14*d + 2. Let p(n) = 5*b(n) + 2*f(n). What is the tens digit of p(10)?
4
What is the units digit of (-9)/(-15) - 185655/(-75)?
6
Suppose -2*b = -0*b - 4. Suppose 0 = 2*l, -4*h + 3*h + 2 = -5*l. Let c = b + h. What is the units digit of c?
4
Let k(p) = -p**3 - 6*p**2 + p + 8. Let i be k(-6). Suppose 3*v - 19 = i. What is the units digit of v?
7
Suppose -6*b - 192 = -0*b. Let g = b - -37. Suppose 0 = 3*v - g*j - 20, v + v + j = 9. What is the units digit of v?
5
Let z(g) = -g**3 - 4*g**2 + g - 5. Let t be z(-5). Let y be t/10 + 35/(-2). Let a = 36 + y. What is the units digit of a?
0
Let n be (-561)/15 - 2/(-5). Let t(s) = -5*s**2 + 4*s - 2. Let c be t(2). Let q = c - n. What is the tens digit of q?
2
Let z(b) be the third derivative of b**5/30 - b**4/3 + 3*b**3/2 + 11*b**2. What is the tens digit of z(-6)?
2
Let z(p) = -3 - 3 - 1 - p + 1. Let f be z(-6). Suppose 2*j = 6*j + 4*c - 20, f = 4*j + 3*c - 19. What is the units digit of j?
4
Let u = -34 + 82. Suppose -5 = -l + 5*m, -5*l + 142 = -2*m + u. What is the tens digit of l?
2
Suppose 4*i = v - 155, -2*v - v - i + 400 = 0. Let k = -93 + v. What is the tens digit of k?
4
What is the tens digit of (-156)/16*((4 - -1) + -29)?
3
Let d = -3578 - -5183. What is the units digit of d?
5
Let q(o) = 2*o**3 - o + 2. Let r be q(3). Suppose 2*y + 13 = r. Suppose n = -0*n + y. What is the tens digit of n?
2
Suppose k + 3626 = 4338. What is the units digit of k?
2
Let k be -1 + (-3 - -1) + 0. Let q = 7 - 8. What is the units digit of (3 + k)*q - -1?
1
Let p(n) be the third derivative of -n**6/120 - n**5/4 + 7*n**4/12 + 8*n**3/3 - 21*n**2. What is the units digit of p(-16)?
8
Suppose -g + 2 = -3. Let b(r) = 3*r + 5. Let u(j) = 9*j + 14. Let q(i) = -17*b(i) + 6*u(i). What is the tens digit of q(g)?
1
Let v = -1766 - -5202. What is the units digit of v?
6
Let o be (7 - (0 - -2)) + 4. Suppose o*x = 5*x + 28. What is the units digit of x?
7
Suppose 10 = -2*i - 3*i. What is the hundreds digit of (-29)/(i*6/108)?
2
Let b(m) = 51*m**2 - 13*m - 19. What is the units digit of b(-5)?
1
Let a(r) = 106*r - 979. What is the units digit of a(21)?
7
Suppose 5*i - 11565 = q, -4626 = -6*i + 4*i + 2*q. What is the units digit of i?
3
Let d be (0 + (-9)/21)*-7. Suppose 4*f - 194 + 3 = d*b, 0 = -2*f + 3*b + 103. What is the units digit of f?
4
Suppose 0 = -4*z - 4, 103 = 5*p + 2*z. Suppose -p = 5*t - 146. What is the units digit of t?
5
Suppose 5*g - 2*f - 146 = 0, 6 = f + 2*f. Let p be (4/(-10))/((-12)/g). What is the tens digit of p/5 - 278/(-10)?
2
Let j = 52 + -72. Let y = j - -73. What is the tens digit of y?
5
What is the tens digit of (20970/35)/(6/42)?
9
Let z(b) = 60*b + 5. Suppose 9 = 5*f - 1. What is the tens digit of z(f)?
2
Let m(o) = 5*o**2 - 1. Suppose 9 = -3*d + 5*c, 0 = d + 4*c - 20 + 6. What is the tens digit of m(d)?
1
Suppose 0 = n + 5*n - 12. Suppose s - l - 12 - 53 = 0, n*s - 131 = 3*l. What is the units digit of s?
4
Suppose -106 = -0*q - 2*q - 4*s, s = 5*q - 309. Let a = -19 + q. What is the units digit of a?
2
Suppose 1218 = 5*s - 8612. What is the units digit of s?
6
Suppose -3*i = -7*i. Suppose 4*q - u - 228 = i, -2*q + 5*u = -q - 76. What is the tens digit of q?
5
Suppose r + 4*w - 14 = -r, -3*w + 14 = -2*r. What is the units digit of -4 + r/1 + 53?
8
Let d = 44 - 47. What is the tens digit of (-3 - 3)*37/d?
7
Suppose -115*o - 522 = -116*o. What is the hundreds digit of o?
5
Let s(r) = r**3 + 7*r**2 + 7*r. Let j be s(-6). Suppose -4 - 6 = 10*w. What is the units digit of 3*w/(j/14)?
7
Let u be (2/2*-4)/(-4). Let j(o) = -9*o + 1. Let x be j(u). Let d(r) = -7*r - 10. What is the tens digit of d(x)?
4
What is the tens digit of (-2)/(8/(-818))*(-324)/(-54)?
2
Suppose -4*h = 329 - 1. Let x be 3 - h*4/8. Suppose x = -m + 2*m. What is the tens digit of m?
4
Let h(a) = -a**3 + 8*a**2 + a - 4. Let p be 2*(-4)/24*-24. Let w be h(p). Suppose -46 = w*c - 182. What is the units digit of c?
4
Let s = 3042 + -1403. What is the thousands digit of s?
1
Suppose -18*f + 10*f = 248. Suppose 4*d - 7 = -3*x, 2*x + 0*x - 6 = -3*d. Let o = d - f. What is the units digit of o?
5
Let c(b) = 65*b**3 - 4*b**2 + 9*b - 9. What is the units digit of c(2)?
3
Let z(c) = c**3 - 28*c**2 - 57*c + 34. What is the tens digit of z(32)?
0
Let y(j) = -5*j + 7. Let c be y(3). Let r(x) = x**2 + 7*x - 5. Let b be r(c). Suppose -b*n - q 